it of o?
6
Suppose 5 + 11 = 2*a. Let h be (-3)/6 - (-14)/(-4). Let u = h + a. What is the units digit of u?
4
Let b = -6 + 9. What is the units digit of b + -4 - 10/(-1)?
9
Let i(n) = -n**2 - 13*n - 6. What is the tens digit of i(-7)?
3
Let i(j) = 3 + 2*j + 9 - 4. What is the units digit of i(6)?
0
Let w = 34 + 96. What is the hundreds digit of w?
1
Let p = 0 - 1. Let s = 1 - p. Suppose -s*b + 3 - 1 = 0. What is the units digit of b?
1
Let z(q) be the first derivative of 2/3*q**3 - 2 + q + q**4 - q**2. What is the units digit of z(1)?
5
Let u(w) = -w**2 + w - 1. Let f(b) = -3*b**2 + 12*b + 2. Let h(n) = f(n) - 2*u(n). Let p(r) = 9*r**2 - r. Let d be p(-1). What is the units digit of h(d)?
4
Let p = 97 - 39. Let z be (-1)/(-6) - p/(-12). Suppose -z = -o + 5. What is the tens digit of o?
1
What is the units digit of ((-6)/10)/((-17)/85)?
3
Let j(c) = c**2 - 2. Let n be 1 + (-1 - -4) + -58. Let v be (-34)/9 + 12/n. What is the units digit of j(v)?
4
Suppose 4*f + 2*s + 26 = 254, 4*f - s - 228 = 0. What is the tens digit of f?
5
Suppose -4 = -3*r - 1. Let k be (-2)/8 + r/4. Suppose -4 = -k*m - m. What is the units digit of m?
4
Suppose -c - 75 = -2*b, 3*b - 4*c = 5*b - 70. What is the tens digit of b?
3
Suppose -4*s - 217 = -m, 0*s = -4*m - 4*s + 948. What is the hundreds digit of m?
2
Suppose 0 = 5*x - 0*x - 4*a - 18, 5*x - 12 = a. Suppose -5*c + 243 = -2*y, x*y = -3*y - 20. What is the tens digit of c?
4
Suppose -o + 39 = -0*o. What is the units digit of o?
9
Let h(v) = v - 3. Let y be h(-3). What is the units digit of (-39)/2*8/y?
6
Let u(t) = -t**3 + 7*t**2 - 6*t + 7. Let i be u(5). Let x be (12/(-15))/(2/(-45)). Let f = i - x. What is the units digit of f?
9
Let o be -70 + (-3 - 3/(-3)). Let w = o - -107. What is the units digit of w?
5
Suppose -5*u + 37 = -4*g, 0 = -2*g - 0*u + 5*u - 31. Let l(a) = 15*a + 4. Let m(d) = -5*d - 1. Let v(s) = 2*l(s) + 7*m(s). What is the tens digit of v(g)?
1
Suppose 3*k = 27 + 15. What is the tens digit of k?
1
Let l = -18 + 28. Let t = l - 4. What is the units digit of t?
6
Let o = 54 - -1. What is the tens digit of o?
5
Suppose -f - 4*f = 2*s + 30, -3*f - 32 = 4*s. Let m = f + 3. What is the tens digit of ((-6)/4 - m)*-20?
1
Let j = -77 - -201. What is the hundreds digit of j?
1
Let i be 1 + 1 + 4 + -3. Suppose -i*u - u + 56 = 0. What is the tens digit of u?
1
Let y(a) = 2*a**2 - 9*a - 1. Let w be y(5). What is the tens digit of 2716/98 + w/14?
2
Let g be (1 + 6/(-9))*0. What is the tens digit of 19 + -5 + 3 + g?
1
Let b be 142/5 - 9/(-15). Suppose -b = -2*f + 91. Suppose -u - 2*u + f = 0. What is the tens digit of u?
2
Let a(t) = -t**3 + 3*t**2 + 2. Let f be a(3). Let h(z) = -2*z**2 + 2. Let i be h(f). What is the units digit of (-19)/(-4) - i/(-8)?
4
Suppose 3*z + 0*z + 36 = 0. Let u be -1 + 5/((-10)/z). Suppose -p - 2*k + 0 = 1, -u*p + 5*k + 25 = 0. What is the units digit of p?
3
Let j(f) = 4*f**2 + f. Let t be j(-1). Suppose t*a - i = 2*i, 0 = -a + 3*i. Suppose 5*m = -u + 10, -13 + a = -m + 2*u. What is the units digit of m?
3
Suppose -q = 6 - 9. Suppose -73 = -q*t - 4. What is the tens digit of t?
2
Suppose -m = -3*m - 5*p + 28, 4*p - 8 = 2*m. Suppose 0 = -f - 5*v + m*v + 6, -v = 3*f - 12. What is the units digit of f?
3
Suppose 2*l + 5*a = 3, -4*l - 2*a = a - 27. What is the units digit of l?
9
Suppose -3*s = -5*s - 12. What is the units digit of s/3 - (-8 - 0)?
6
Suppose 12*p = 4*p + 80. What is the units digit of p?
0
Let g = 2 - -18. Let x be 152/36 - (-2)/(-9). Suppose -x*s = -0*s - g. What is the units digit of s?
5
Let k be (6/(-7))/((-1)/7). Let a = 12 - k. What is the units digit of a?
6
Suppose z = 2*h + 27, 2*z - h - 54 = 6. What is the units digit of z?
1
Let z be 260/12 - 2/3. Suppose 0*q - 3*q = -z. Suppose 9 = c - q. What is the units digit of c?
6
Let i(j) = -j - 1. Let y be i(-4). Suppose 2*h - 20 = -y*h. What is the units digit of h?
4
Let t be 4/1 + 2/(-2). Suppose -11*n - 20 = -16*n. Suppose -n*p = 4*d + d - 80, 0 = -t*d - 5*p + 61. What is the units digit of d?
2
Suppose -8*g = -4*g - 348. What is the units digit of g?
7
Let j = -183 - -273. What is the tens digit of j?
9
What is the units digit of (597/(-18))/((-2)/12)?
9
Let c = -112 - -169. What is the units digit of c?
7
Let j(d) be the first derivative of -1 + 9*d + 1/2*d**2. What is the units digit of j(-8)?
1
Suppose 0 = 10*m - m - 747. What is the units digit of m?
3
Let n(x) = -7*x + 63. What is the units digit of n(-13)?
4
Let s = -73 - -109. What is the units digit of s?
6
Let p be 20/6 - 4/(-6). Suppose p*u - 102 = 3*g, 6*g - g = -5*u + 110. Suppose -4*t - 4*b = -u, -3*b + 46 = 3*t - 7*b. What is the units digit of t?
0
Let m(k) = -k**2 - 7*k + 9. Let x be m(-8). Suppose -15 + x = -s. What is the tens digit of s?
1
Let y(t) be the second derivative of t**5/20 + 7*t**4/12 + 7*t**3/6 + 3*t**2 - t. Let p be y(-6). Suppose p*r + 9 = r. What is the units digit of r?
9
Suppose 4*x = 2*p - 21 - 1, 0 = -4*p - 4*x + 68. What is the units digit of p?
5
What is the units digit of -2 + 5/5*5?
3
Let t = 9 - 5. Suppose 9*u - t*u + 20 = 0. Let o = u + 6. What is the units digit of o?
2
Let l = 1 + 1. Suppose j - 62 = 3*w, 36 = -l*w + j - 4. Let y = -14 - w. What is the units digit of y?
8
Suppose 46 = 2*w - r - 3*r, 65 = 3*w - 5*r. Suppose 2*f - w = f. What is the tens digit of f?
1
Let f = 12 - -35. What is the tens digit of f?
4
What is the units digit of 7 + 95/(-15) + 1352/6?
6
Suppose 0 = t + 5*w - 209, -3*t + 323 + 204 = -5*w. What is the tens digit of t?
8
Suppose -2*d + d + 62 = -v, 4*d - 2*v = 240. What is the tens digit of d?
5
Suppose 4*w = 5*q + 789, 4*w + 4*q = 8*w - 788. What is the tens digit of w?
9
Suppose -16 = -4*q, 2*q - 5 = t - 3*q. What is the tens digit of t?
1
Let c be 4/(-10) - (-2)/5. Suppose c*m = -3*m + 12. What is the units digit of (-2)/8 - (-5)/m?
1
Suppose 2*p = 4 - 0. What is the units digit of p?
2
Let b = 104 + -74. Suppose 2*k - 8 = -j, -b + 9 = -3*j - 5*k. What is the units digit of j?
2
Let y(h) = -h + 2. Let k be y(-3). Suppose -29 = -c - 2*w, -6*w + 43 = 2*c - k*w. What is the tens digit of c?
1
Suppose 0*l + 2 = -l, 5*y + 12 = -l. Suppose -19 = 15*h + 56. What is the units digit of y + 0 - (h + -1)?
4
Let v be 0 + (-4)/4 + -11. Let b = -11 - v. What is the units digit of b?
1
Let m(o) = 4*o**2 + 11*o + 2*o**2 + 2 - 5*o**2. Suppose -6*b = t - b + 6, 5*t - 4*b + 59 = 0. What is the units digit of m(t)?
2
Suppose 3*m - 1 = -2*o, 0 = -3*o - 2*o - 5*m - 5. Let x = 7 + o. Suppose -20 = -4*v, -2*a - x = -5*v + 20. What is the units digit of a?
1
Suppose -2*t = 3*t - 15, -9 = -5*u + 2*t. What is the units digit of u/12 + (-54)/(-8)?
7
Let d be 24/9*-3 + 1. Let x = d + 7. Suppose -2*h = i - x - 7, -h = 5*i - 26. What is the units digit of i?
5
Let p(i) = i**2 + 7*i + 1. Suppose 2*d + 1 + 11 = 0. Let w be p(d). Let a = -4 - w. What is the units digit of a?
1
Suppose -785 + 204 = -7*d. What is the tens digit of d?
8
Suppose 5*y - 47 = 3*z - 0*y, 0 = -z - 5*y - 9. Let u be 4/z + 176/28. What is the units digit of 4/(-8) + u/4?
1
Suppose 2*f + 0*f - 24 = 0. Suppose 188 = 5*c - f. What is the units digit of c?
0
Let q = -22 + 47. What is the units digit of q?
5
Let k(m) = 5*m - 1. What is the tens digit of k(3)?
1
Let x(p) = p**3 - 10*p**2 + 9*p - 9. Let s be x(9). Let w = 3 - s. What is the tens digit of w?
1
Let b = 6 - 6. Let g(n) = n**3 + n**2 + 6. What is the units digit of g(b)?
6
Suppose -4*o + 2 + 5 = -t, 5 = -t + 3*o. Let p(d) = 71*d - 3 + 2 - 49*d. What is the units digit of p(t)?
1
Suppose 6 = -2*z, -125 = -5*r - z - 4*z. What is the units digit of r?
8
Suppose h = 3*y - 4, -4*h + 2*y = 5*y - 14. Suppose h = 5*x - 3. What is the units digit of x?
1
Suppose 4*t - 21 = -1. Let x = 3 + t. What is the units digit of x?
8
Suppose 0*c + 24 = 2*z - 2*c, -5*z + 2*c + 60 = 0. Suppose 3*p = -0*p + z. What is the units digit of p?
4
Let k = 70 - 36. What is the tens digit of k?
3
Let g be (0 + -1 + 1)/(-1). Suppose 5*x = -g*x. Suppose x = s - 2 + 1. What is the units digit of s?
1
Let f(v) = -v**2 - 12*v - 8. Let n(s) = -s**2 - s - 4. Let k be ((-3)/(-4))/(3/(-12)). Let l be n(k). What is the units digit of f(l)?
2
Suppose 4*m + m + 160 = -5*u, m - 5*u = -2. What is the units digit of ((-102)/9)/(6/m)?
